actors of q.
2, 17
Suppose 10*i = 12*i - 22. Suppose 0 = -14*t + i*t + 81. List the prime factors of t.
3
List the prime factors of (-1)/3*(-9115 + 49).
2, 1511
Let u be (1 + -3)/4 - 258/(-4). Let p = 81 - u. List the prime factors of p.
17
Let y be 400/30*(-9)/(-4). Let d = -26 + y. Suppose -d*b = 2*k - 60, 5*b - 116 = -k - 35. List the prime factors of b.
17
Let m(j) be the third derivative of 5*j**4/24 - 3*j**3/2 + 2*j**2. Let h be m(7). Suppose 3*o + h = 4*o. What are the prime factors of o?
2, 13
Let r(c) = -c - 6. Let k be r(-6). Suppose -6 = -3*m - k. Suppose -60 = -2*b - m*b. List the prime factors of b.
3, 5
Let i(z) = 5 - 4 + 3*z - 11*z**3 - 2*z - 19*z**2 + 18*z**2. Let p be i(-1). Suppose x = -3*y + 4*y + p, -47 = -5*x + 4*y. What are the prime factors of x?
7
Suppose 4*t = q - 439, 3*q - 1299 = -0*q + 3*t. List the prime factors of q.
431
Suppose 9 = 2*c - 3. Let p(h) = h**2 + 4*h + 12. What are the prime factors of p(c)?
2, 3
Suppose -7*s + 1111 = -534. List the prime factors of s.
5, 47
Let x(r) = r**3 + 9*r**2 - 4*r. Let w be x(-9). Suppose 6*z + w = 2*z. List the prime factors of 36/(-8)*12/z.
2, 3
Let u = 13 + -7. Let v be (-20)/8*u/(-5). What are the prime factors of ((-1)/v)/((-3)/171)?
19
Let w be 53/7 + (-28)/49. Suppose 23 = 4*u + w. What are the prime factors of 1*38/(u + -3)?
2, 19
Suppose 12381 = 3*q + 2*x, q + 9*x = 4*x + 4140. List the prime factors of q.
3, 5, 11
Let i(a) = -a + 20. Let r = 9 - 28. List the prime factors of i(r).
3, 13
Let g(h) = 51*h - 17. Let r be g(2). Suppose -84 = -z + r. What are the prime factors of z?
13
Let a = -89 - -140. Suppose -a - 66 = -3*p. List the prime factors of p.
3, 13
Suppose -2*d + 5*w + 168 = -153, -3*d + 504 = -3*w. What are the prime factors of d?
173
Let v be 354/9 - 4/(-6). Let h(l) = l**3 + 9*l**2 - 2*l + 7. Let a be h(-9). Suppose -a = -3*b + 4*s + v, -5*b + 115 = -5*s. What are the prime factors of b?
3
Let w(j) = -2*j - 12*j - 5*j + j - 12. Let f be w(-8). What are the prime factors of 8/20 - f/(-20)?
7
Let a(o) = 2*o + 47. Let h be a(-22). Suppose -3*g - t + 23 = -19, -h*t = 4*g - 61. What are the prime factors of g?
13
Suppose -7*h = -2*h + 280. Let l = h - -108. Let b = l + -5. What are the prime factors of b?
47
Let w = -34 + 71. Let a = 71 - 84. Let c = w + a. What are the prime factors of c?
2, 3
List the prime factors of (-60)/510 + (-3)/((-51)/21167).
3, 5, 83
Suppose -4*a + 8 + 52 = 0. Suppose -t + 136 = a. What are the prime factors of t?
11
Let h(t) = -t**3 - 4*t**2 + 7*t - 3. Let f = 12 - 2. Let m be 256/(-40) + 4/f. What are the prime factors of h(m)?
3
Suppose 42*p - 44*p - 5*c = -4547, -2*p + 4582 = -2*c. What are the prime factors of p?
2, 3, 127
Suppose 608 = 4*g - 2*g - 2*i, -3*i = 3*g - 888. List the prime factors of g.
2, 3, 5
Let d(m) = 5*m**2 - 4*m + 1. Let z = -8 - -12. Suppose 5*h + o - 21 = 0, -z*h - 5*o + 0*o = -21. What are the prime factors of d(h)?
5, 13
Let s(g) = -3 + 2 - 1 + 3 - g. Let h be s(5). Let u = h - -8. List the prime factors of u.
2
What are the prime factors of 21 - 16 - (-3 + -252)?
2, 5, 13
What are the prime factors of (-6 - 112/(-20)) + 1428/20?
71
Suppose 0 = -5*p - 5, 4*m + 5*p + 1 = -4. Let r(w) be the second derivative of w**5/20 + w**4/12 - w**3/6 + 21*w**2/2 - 3*w. What are the prime factors of r(m)?
3, 7
Let k(r) = -210*r + 60. What are the prime factors of k(-6)?
2, 3, 5, 11
Let k = -93 - -382. What are the prime factors of k?
17
Let d = 5832 + -3347. What are the prime factors of d?
5, 7, 71
Let f = -7436 - -10648. List the prime factors of f.
2, 11, 73
Let q(s) = s - 258. Let t be q(0). Let z = -163 - t. List the prime factors of z.
5, 19
Let s(z) = 112*z - 1. Let b(p) = 559*p - 6. Let x(g) = 2*b(g) - 11*s(g). List the prime factors of x(-1).
113
Suppose 2*p - 20 = -2*p, 0 = -5*r - 2*p + 35. Suppose r*w - 2*q = -q + 583, q - 470 = -4*w. List the prime factors of w.
3, 13
Let s(k) = 2*k**2 + 17*k - 17. What are the prime factors of s(11)?
2, 103
Suppose -4*q + 49 = -7. Suppose -p + q*p - 247 = 0. List the prime factors of p.
19
Suppose -3*k + 10 = f, 4*k = 5*f - 3*f + 30. Let g(w) = -434*w + 141*w - w**3 - w**3 - 8*w**2 + 145*w + 145*w. What are the prime factors of g(f)?
5, 13
Suppose -852 = 4*d + 2*u, 2*d = -3*d - u - 1062. Let b = 318 + d. List the prime factors of b.
2, 53
Let f = -5 + 12. Let h(g) = 3*g**3 + 11*g**2 - 15*g + 3. Let x(a) = -4*a**3 - 17*a**2 + 22*a - 4. Let c(s) = -7*h(s) - 5*x(s). List the prime factors of c(f).
13
Let j be (-1316)/3*(-3)/2. Suppose -3*y - 4*y + j = 0. What are the prime factors of y?
2, 47
Let h be 4/(-5) + 96/20. Suppose k + h*k + 6 = 2*u, 3*k + 3*u = 9. Suppose -2*o + 50 = -k*o. What are the prime factors of o?
5
Let g(o) = -3*o**2 - 8*o + 18. Let n(l) = -4*l**2 - 8*l + 19. Let x(a) = 5*g(a) - 4*n(a). What are the prime factors of x(12)?
2, 31
List the prime factors of (-5734)/(-4) + (21/2 - 11).
1433
Suppose 0*k + v - 8 = -3*k, 2*v - 12 = -4*k. Suppose k*b = 4*b. Suppose b = 4*j - 133 - 51. What are the prime factors of j?
2, 23
Let u(h) = 21*h + 52. Let q be u(-8). Let r = -1 - q. What are the prime factors of r?
5, 23
Let d(c) = c**2 + 2*c - 4. Let y be d(0). What are the prime factors of (24/(-15))/y*(235 - -5)?
2, 3
Suppose 86*b - 548656 = -20*b. List the prime factors of b.
2, 647
Suppose 0 = 3*c + 146 + 10. Let s be (-8)/c - 123/39. Let b(v) = -2*v**3 - 2*v**2 + 4*v + 1. List the prime factors of b(s).
5
Suppose -5*j + 21 = 4*u - 307, -82 = -u + 5*j. Let z = u + -142. Let t = z - -86. What are the prime factors of t?
2, 13
List the prime factors of 7774/5 - 300/375.
2, 3, 7, 37
Let f(d) = -d**3 - 11*d**2 + d - 11. Let q be f(-11). Let i = q - -24. Suppose -i*s = -3*s + 31. What are the prime factors of s?
31
Let k = -87 - -81. What are the prime factors of -3*10/k*540/25?
2, 3
Suppose -4*r = 4*u - 376, 0*r - 400 = -4*u + 2*r. List the prime factors of u.
2, 7
Let b = 1 + -6. Let k be (-48)/(-20) + 2/b. Suppose 3*i - 50 = -2*i - k*m, 2*m + 46 = 3*i. What are the prime factors of i?
2, 3
Let b = -119 + 124. Suppose -h - 2*h = -2*n + 563, 3*n + b*h - 873 = 0. What are the prime factors of n?
2, 11, 13
Let v be -1 + (-1 + 13)/4. Let d(x) = -1 + 4 + x**3 + 6*x**v + 5*x - 4*x + 1. List the prime factors of d(-4).
2
Let p = -61 - -152. List the prime factors of p.
7, 13
Let o(l) = l**3 + 4*l**2 - 4. Let f be o(-3). Suppose -f*s - 2*h + h = -49, 0 = -4*s + 4*h + 44. What are the prime factors of s?
2, 5
Let l(i) = -i**2 + 10*i - 7. Let t be 4*(-2)/((-32)/36). Let d be l(t). Suppose 165 = 5*b - d*b. List the prime factors of b.
5, 11
Suppose -x = 2*m - 4, 3*m + 2*x - 8 = -2. What are the prime factors of ((-1152)/(-12))/(m/3)?
2, 3
Let r = 90 + 195. What are the prime factors of r?
3, 5, 19
Suppose 0 = 4*o - o - 3. Suppose 0 = -c + 2*g + o, -5*c + 5*g + 4 = -26. What are the prime factors of c?
11
Suppose 13 = 4*t - 7. Suppose 1 = f - 5*z + 50, 3*f + t*z = -187. Let s = -28 - f. What are the prime factors of s?
31
Suppose 0 = 3*h - 3*o + 36, 4*h + 30 = -5*o - 27. Suppose -5*j = -b + 4*b - 65, 0 = 3*b + 4*j - 70. Let w = b + h. What are the prime factors of w?
17
Suppose j = -5*y + 1156, 20 = 7*j - 12*j. List the prime factors of y.
2, 29
Let c(r) be the second derivative of -1/20*r**5 - 1/12*r**4 + 9*r**2 - 1/6*r**3 + 0 - 5*r. What are the prime factors of c(0)?
2, 3
Suppose 5*o - 12813 = b + 196, -2*o + 5*b + 5222 = 0. What are the prime factors of o?
3, 17
Suppose -2*o = 3*r - 6, -4*o + 5*r - 17 + 51 = 0. What are the prime factors of o?
2, 3
Let a = -1143 + 2123. What are the prime factors of a?
2, 5, 7
Let i(r) = r**2 - 5*r - 12. Suppose 13 = -5*d + 4*p, 2*d = d - 3*p - 14. List the prime factors of i(d).
2, 19
Let h(c) = -42*c + 39. List the prime factors of h(-11).
3, 167
Suppose 0 = -8*d - 0*d + 16. Suppose -2*j - p + 186 = 0, -j = -0*j - d*p - 93. What are the prime factors of j?
3, 31
Suppose 5*b - f - 16 = 0, 5*b + 2*f - f - 14 = 0. Suppose -x = -0 - b. What are the prime factors of 22 + 0/(6/x)?
2, 11
Let w(l) = -l. Let u be w(0). Let q be -6*(u - 6/4). Suppose s + q = 4*m + 27, -5*m = -4*s + 61. What are the prime factors of s?
2, 7
Let f = 7 - 4. Suppose -3*w + f = 0, 3*w = -5*m + 4*w + 324. List the prime factors of m.
5, 13
Let v(b) = 7*b + 7. Let q be v(